{"id":987516826,"date":"2024-07-03T11:18:00","date_gmt":"2024-07-03T09:18:00","guid":{"rendered":"https:\/\/centrosbedda.com\/?post_type=product&#038;p=987516826"},"modified":"2025-06-04T08:41:36","modified_gmt":"2025-06-04T06:41:36","slug":"depilacion-laser-perfilado-barba-hombre","status":"publish","type":"product","link":"https:\/\/agenciaseolocal.eu\/bedda\/tratamientos\/depilacion-laser-perfilado-barba-hombre\/","title":{"rendered":"Depilaci\u00f3n L\u00e1ser Perfilado de barba Hombre"},"content":{"rendered":"","protected":false},"excerpt":{"rendered":"<p>Logra una piel facial suave y sin vello con la depilaci\u00f3n l\u00e1ser. Descubre sus beneficios y precios en Centros bedda.<\/p>\n","protected":false},"featured_media":987510275,"template":"","meta":{"_et_pb_use_builder":"off","_et_pb_old_content":"<div class=\"product-single__description rte\">\r\n\r\n<strong>CONDICIONES:<\/strong>\r\n<ul>\r\n \t<li><strong>Mismo precio que en los centros.<\/strong><\/li>\r\n \t<li><strong>Caducidad:<\/strong>\u00a01 a\u00f1o desde la compra.<\/li>\r\n \t<li>Canjeable en TODOS los Centros bedda del pa\u00eds.<\/li>\r\n \t<li>La\u00a0<strong>Tarifa plana<\/strong>\u00a0consiste en\u00a0<strong>2 a\u00f1os de sesiones ilimitadas<\/strong>\u00a0de la zona contratada durante los mismos.<\/li>\r\n<\/ul>\r\n<strong>PROCEDIMIENTO:<\/strong>\r\n<ul>\r\n \t<li>Una vez realizada la compra, te llegar\u00e1 un email de confirmaci\u00f3n.<\/li>\r\n \t<li>Tu compra es segura y garantizada. Solo tienes que esperar nuestra llamada en menos de 48 horas.<\/li>\r\n<\/ul>\r\n<\/div>\r\n<div class=\"et_pb_module et_pb_blurb et_pb_blurb_0_tb_body et_pb_text_align_left et_pb_blurb_position_left et_pb_bg_layout_light\">\r\n<div class=\"et_pb_blurb_content\">\r\n<div class=\"et_pb_main_blurb_image\"><span class=\"et_pb_image_wrap\"><span class=\"et-waypoint et_pb_animation_top et_pb_animation_top_tablet et_pb_animation_top_phone et-pb-icon et-animated\">\ue052<\/span><\/span><\/div>\r\n<div class=\"et_pb_blurb_container\">\r\n<div class=\"et_pb_blurb_description\"><strong>Recomendado: 6 sesiones<\/strong>\r\nPrecio por sesi\u00f3n: 26,50 \u20ac<\/div>\r\n<\/div>\r\n<\/div>\r\n<\/div>\r\n<div class=\"et_pb_with_border et_pb_module et_pb_wc_add_to_cart et_pb_wc_add_to_cart_0_tb_body et_pb_hide_input_quantity et_pb_hide_stock et_pb_fields_label_position_inline et_pb_bg_layout_ et_pb_woo_custom_button_icon et_pb_text_align_left\" data-button-class=\"single_add_to_cart_button\" data-button-icon=\"\ue013\" data-button-icon-tablet=\"\" data-button-icon-phone=\"\">\r\n<div class=\"et_pb_module_inner\"><\/div>\r\n<\/div>","_et_gb_content_width":"","_joinchat":[]},"product_brand":[],"product_cat":[57,42],"product_tag":[],"class_list":{"0":"post-987516826","1":"product","2":"type-product","3":"status-publish","4":"has-post-thumbnail","6":"product_cat-facial-hombre","7":"product_cat-hombre","8":"pa_sesiones-bono-5-sesiones","9":"pa_sesiones-1-sesion","10":"pa_sesiones-bono-3-sesiones","12":"first","13":"instock","14":"sale","15":"shipping-taxable","16":"purchasable","17":"product-type-variable","18":"has-default-attributes"},"yoast_head":"<!-- This site is optimized with the Yoast SEO plugin v25.9 - https:\/\/yoast.com\/wordpress\/plugins\/seo\/ -->\n<title>Depilaci\u00f3n l\u00e1ser perfilado de barba hombre | Centros bedda<\/title>\n<meta name=\"description\" content=\"Olv\u00eddate del vello con la depilaci\u00f3n l\u00e1ser de perfilado de barba para hombre en Centros bedda. \u00a1Reserva ya tu cita y si\u00e9ntete m\u00e1s c\u00f3modo que nunca!\" \/>\n<meta name=\"robots\" content=\"noindex, follow, max-snippet:-1, max-image-preview:large, max-video-preview:-1\" \/>\n<meta property=\"og:locale\" content=\"es_ES\" \/>\n<meta property=\"og:type\" content=\"article\" \/>\n<meta property=\"og:title\" content=\"Depilaci\u00f3n l\u00e1ser perfilado de barba hombre | Centros bedda\" \/>\n<meta property=\"og:description\" content=\"Olv\u00eddate del vello con la depilaci\u00f3n l\u00e1ser de perfilado de barba para hombre en Centros bedda. \u00a1Reserva ya tu cita y si\u00e9ntete m\u00e1s c\u00f3modo que nunca!\" \/>\n<meta property=\"og:url\" content=\"https:\/\/agenciaseolocal.eu\/bedda\/tratamientos\/depilacion-laser-perfilado-barba-hombre\/\" \/>\n<meta property=\"og:site_name\" content=\"Centros bedda\" \/>\n<meta property=\"article:publisher\" content=\"https:\/\/www.facebook.com\/centrobedda\" \/>\n<meta property=\"article:modified_time\" content=\"2025-06-04T06:41:36+00:00\" \/>\n<meta property=\"og:image\" content=\"https:\/\/agenciaseolocal.eu\/bedda\/wp-content\/uploads\/2023\/06\/rostro-hombre.jpg\" \/>\n\t<meta property=\"og:image:width\" content=\"890\" \/>\n\t<meta property=\"og:image:height\" content=\"888\" \/>\n\t<meta property=\"og:image:type\" content=\"image\/jpeg\" \/>\n<meta name=\"twitter:card\" content=\"summary_large_image\" \/>\n<meta name=\"twitter:site\" content=\"@centrosbedda\" \/>\n<meta name=\"twitter:label1\" content=\"Tiempo de lectura\" \/>\n\t<meta name=\"twitter:data1\" content=\"1 minuto\" \/>\n<!-- \/ Yoast SEO plugin. -->","yoast_head_json":{"title":"Depilaci\u00f3n l\u00e1ser perfilado de barba hombre | Centros bedda","description":"Olv\u00eddate del vello con la depilaci\u00f3n l\u00e1ser de perfilado de barba para hombre en Centros bedda. \u00a1Reserva ya tu cita y si\u00e9ntete m\u00e1s c\u00f3modo que nunca!","robots":{"index":"noindex","follow":"follow","max-snippet":"max-snippet:-1","max-image-preview":"max-image-preview:large","max-video-preview":"max-video-preview:-1"},"og_locale":"es_ES","og_type":"article","og_title":"Depilaci\u00f3n l\u00e1ser perfilado de barba hombre | Centros bedda","og_description":"Olv\u00eddate del vello con la depilaci\u00f3n l\u00e1ser de perfilado de barba para hombre en Centros bedda. \u00a1Reserva ya tu cita y si\u00e9ntete m\u00e1s c\u00f3modo que nunca!","og_url":"https:\/\/agenciaseolocal.eu\/bedda\/tratamientos\/depilacion-laser-perfilado-barba-hombre\/","og_site_name":"Centros bedda","article_publisher":"https:\/\/www.facebook.com\/centrobedda","article_modified_time":"2025-06-04T06:41:36+00:00","og_image":[{"width":890,"height":888,"url":"https:\/\/agenciaseolocal.eu\/bedda\/wp-content\/uploads\/2023\/06\/rostro-hombre.jpg","type":"image\/jpeg"}],"twitter_card":"summary_large_image","twitter_site":"@centrosbedda","twitter_misc":{"Tiempo de lectura":"1 minuto"},"schema":{"@context":"https:\/\/schema.org","@graph":[{"@type":"WebPage","@id":"https:\/\/agenciaseolocal.eu\/bedda\/tratamientos\/depilacion-laser-perfilado-barba-hombre\/","url":"https:\/\/agenciaseolocal.eu\/bedda\/tratamientos\/depilacion-laser-perfilado-barba-hombre\/","name":"Depilaci\u00f3n l\u00e1ser perfilado de barba hombre | Centros bedda","isPartOf":{"@id":"https:\/\/agenciaseolocal.eu\/bedda\/#website"},"primaryImageOfPage":{"@id":"https:\/\/agenciaseolocal.eu\/bedda\/tratamientos\/depilacion-laser-perfilado-barba-hombre\/#primaryimage"},"image":{"@id":"https:\/\/agenciaseolocal.eu\/bedda\/tratamientos\/depilacion-laser-perfilado-barba-hombre\/#primaryimage"},"thumbnailUrl":"https:\/\/agenciaseolocal.eu\/bedda\/wp-content\/uploads\/2023\/06\/rostro-hombre.jpg","datePublished":"2024-07-03T09:18:00+00:00","dateModified":"2025-06-04T06:41:36+00:00","description":"Olv\u00eddate del vello con la depilaci\u00f3n l\u00e1ser de perfilado de barba para hombre en Centros bedda. \u00a1Reserva ya tu cita y si\u00e9ntete m\u00e1s c\u00f3modo que nunca!","breadcrumb":{"@id":"https:\/\/agenciaseolocal.eu\/bedda\/tratamientos\/depilacion-laser-perfilado-barba-hombre\/#breadcrumb"},"inLanguage":"es","potentialAction":[{"@type":"ReadAction","target":["https:\/\/agenciaseolocal.eu\/bedda\/tratamientos\/depilacion-laser-perfilado-barba-hombre\/"]}]},{"@type":"ImageObject","inLanguage":"es","@id":"https:\/\/agenciaseolocal.eu\/bedda\/tratamientos\/depilacion-laser-perfilado-barba-hombre\/#primaryimage","url":"https:\/\/agenciaseolocal.eu\/bedda\/wp-content\/uploads\/2023\/06\/rostro-hombre.jpg","contentUrl":"https:\/\/agenciaseolocal.eu\/bedda\/wp-content\/uploads\/2023\/06\/rostro-hombre.jpg","width":890,"height":888,"caption":"rostro hombre"},{"@type":"BreadcrumbList","@id":"https:\/\/agenciaseolocal.eu\/bedda\/tratamientos\/depilacion-laser-perfilado-barba-hombre\/#breadcrumb","itemListElement":[{"@type":"ListItem","position":1,"name":"Portada","item":"https:\/\/agenciaseolocal.eu\/bedda\/"},{"@type":"ListItem","position":2,"name":"Tienda","item":"https:\/\/agenciaseolocal.eu\/bedda\/tienda\/"},{"@type":"ListItem","position":3,"name":"Depilaci\u00f3n L\u00e1ser Perfilado de barba Hombre"}]},{"@type":"WebSite","@id":"https:\/\/agenciaseolocal.eu\/bedda\/#website","url":"https:\/\/agenciaseolocal.eu\/bedda\/","name":"Centros bedda","description":"Centro de depilaci\u00f3n l\u00e1ser","publisher":{"@id":"https:\/\/agenciaseolocal.eu\/bedda\/#organization"},"potentialAction":[{"@type":"SearchAction","target":{"@type":"EntryPoint","urlTemplate":"https:\/\/agenciaseolocal.eu\/bedda\/?s={search_term_string}"},"query-input":{"@type":"PropertyValueSpecification","valueRequired":true,"valueName":"search_term_string"}}],"inLanguage":"es"},{"@type":"Organization","@id":"https:\/\/agenciaseolocal.eu\/bedda\/#organization","name":"Centros bedda","url":"https:\/\/agenciaseolocal.eu\/bedda\/","logo":{"@type":"ImageObject","inLanguage":"es","@id":"https:\/\/agenciaseolocal.eu\/bedda\/#\/schema\/logo\/image\/","url":"https:\/\/agenciaseolocal.eu\/bedda\/wp-content\/uploads\/2024\/04\/centros-bedda-depilacion-laser-logo.png","contentUrl":"https:\/\/agenciaseolocal.eu\/bedda\/wp-content\/uploads\/2024\/04\/centros-bedda-depilacion-laser-logo.png","width":220,"height":220,"caption":"Centros bedda"},"image":{"@id":"https:\/\/agenciaseolocal.eu\/bedda\/#\/schema\/logo\/image\/"},"sameAs":["https:\/\/www.facebook.com\/centrobedda","https:\/\/x.com\/centrosbedda","https:\/\/www.youtube.com\/channel\/UCV57tDnQcnHfTici1funk4g?app=desktop","https:\/\/www.instagram.com\/centrosbedda\/","https:\/\/www.linkedin.com\/company\/centros-bedda\/"]}]}},"_links":{"self":[{"href":"https:\/\/agenciaseolocal.eu\/bedda\/wp-json\/wp\/v2\/product\/987516826","targetHints":{"allow":["GET"]}}],"collection":[{"href":"https:\/\/agenciaseolocal.eu\/bedda\/wp-json\/wp\/v2\/product"}],"about":[{"href":"https:\/\/agenciaseolocal.eu\/bedda\/wp-json\/wp\/v2\/types\/product"}],"wp:featuredmedia":[{"embeddable":true,"href":"https:\/\/agenciaseolocal.eu\/bedda\/wp-json\/wp\/v2\/media\/987510275"}],"wp:attachment":[{"href":"https:\/\/agenciaseolocal.eu\/bedda\/wp-json\/wp\/v2\/media?parent=987516826"}],"wp:term":[{"taxonomy":"product_brand","embeddable":true,"href":"https:\/\/agenciaseolocal.eu\/bedda\/wp-json\/wp\/v2\/product_brand?post=987516826"},{"taxonomy":"product_cat","embeddable":true,"href":"https:\/\/agenciaseolocal.eu\/bedda\/wp-json\/wp\/v2\/product_cat?post=987516826"},{"taxonomy":"product_tag","embeddable":true,"href":"https:\/\/agenciaseolocal.eu\/bedda\/wp-json\/wp\/v2\/product_tag?post=987516826"}],"curies":[{"name":"wp","href":"https:\/\/api.w.org\/{rel}","templated":true}]}}

Depilación Láser Perfilado de barba Hombre

<p>Logra una piel facial suave y sin vello con la depilación láser. Descubre sus beneficios y precios en Centros bedda.</p>

<div class="product-single__description rte">

<strong>CONDICIONES:</strong>
<ul>
 	<li><strong>Mismo precio que en los centros.</strong></li>
 	<li><strong>Caducidad:</strong> 1 año desde la compra.</li>
 	<li>Canjeable en TODOS los Centros bedda del país.</li>
 	<li>La <strong>Tarifa plana</strong> consiste en <strong>2 años de sesiones ilimitadas</strong> de la zona contratada durante los mismos.</li>
</ul>
<strong>PROCEDIMIENTO:</strong>
<ul>
 	<li>Una vez realizada la compra, te llegará un email de confirmación.</li>
 	<li>Tu compra es segura y garantizada. Solo tienes que esperar nuestra llamada en menos de 48 horas.</li>
</ul>
</div>
<div class="et_pb_module et_pb_blurb et_pb_blurb_0_tb_body et_pb_text_align_left et_pb_blurb_position_left et_pb_bg_layout_light">
<div class="et_pb_blurb_content">
<div class="et_pb_main_blurb_image"><span class="et_pb_image_wrap"><span class="et-waypoint et_pb_animation_top et_pb_animation_top_tablet et_pb_animation_top_phone et-pb-icon et-animated"></span></span></div>
<div class="et_pb_blurb_container">
<div class="et_pb_blurb_description"><strong>Recomendado: 6 sesiones</strong>
Precio por sesión: 26,50 €</div>
</div>
</div>
</div>
<div class="et_pb_with_border et_pb_module et_pb_wc_add_to_cart et_pb_wc_add_to_cart_0_tb_body et_pb_hide_input_quantity et_pb_hide_stock et_pb_fields_label_position_inline et_pb_bg_layout_ et_pb_woo_custom_button_icon et_pb_text_align_left" data-button-class="single_add_to_cart_button" data-button-icon="" data-button-icon-tablet="" data-button-icon-phone="">
<div class="et_pb_module_inner"></div>
</div>

<!-- This site is optimized with the Yoast SEO plugin v25.9 - https://yoast.com/wordpress/plugins/seo/ -->
<title>Depilación láser perfilado de barba hombre | Centros bedda</title>
<meta name="description" content="Olvídate del vello con la depilación láser de perfilado de barba para hombre en Centros bedda. ¡Reserva ya tu cita y siéntete más cómodo que nunca!" />
<meta name="robots" content="noindex, follow, max-snippet:-1, max-image-preview:large, max-video-preview:-1" />
<meta property="og:locale" content="es_ES" />
<meta property="og:type" content="article" />
<meta property="og:title" content="Depilación láser perfilado de barba hombre | Centros bedda" />
<meta property="og:description" content="Olvídate del vello con la depilación láser de perfilado de barba para hombre en Centros bedda. ¡Reserva ya tu cita y siéntete más cómodo que nunca!" />
<meta property="og:url" content="https://agenciaseolocal.eu/bedda/tratamientos/depilacion-laser-perfilado-barba-hombre/" />
<meta property="og:site_name" content="Centros bedda" />
<meta property="article:publisher" content="https://www.facebook.com/centrobedda" />
<meta property="article:modified_time" content="2025-06-04T06:41:36+00:00" />
<meta property="og:image" content="https://agenciaseolocal.eu/bedda/wp-content/uploads/2023/06/rostro-hombre.jpg" />
	<meta property="og:image:width" content="890" />
	<meta property="og:image:height" content="888" />
	<meta property="og:image:type" content="image/jpeg" />
<meta name="twitter:card" content="summary_large_image" />
<meta name="twitter:site" content="@centrosbedda" />
<meta name="twitter:label1" content="Tiempo de lectura" />
	<meta name="twitter:data1" content="1 minuto" />
<!-- / Yoast SEO plugin. -->

Depilación láser perfilado de barba hombre | Centros bedda

Olvídate del vello con la depilación láser de perfilado de barba para hombre en Centros bedda. ¡Reserva ya tu cita y siéntete más cómodo que nunca!

Centro de depilación láser
